{"id":11949,"date":"2018-11-07T15:41:24","date_gmt":"2018-11-07T15:41:24","guid":{"rendered":"https:\/\/www.wma.net\/wp-content\/uploads\/2018\/11\/Hungarian-Hungarian-Medical-Chamber.pdf"},"modified":"2018-11-07T15:41:24","modified_gmt":"2018-11-07T15:41:24","slug":"hungarian-hungarian-medical-chamber-2","status":"inherit","type":"attachment","link":"https:\/\/www.wma.net\/fr\/ce-que-nous-faisons\/ethique\/declaration-de-geneve\/hungarian-hungarian-medical-chamber-2\/","title":{"rendered":"Hungarian [Hungarian Medical Chamber]"},"author":7,"comment_status":"closed","ping_status":"closed","template":"","meta":[],"acf":[],"description":{"rendered":"<p class=\"attachment\"><a href='https:\/\/www.wma.net\/wp-content\/uploads\/2018\/11\/Hungarian-Hungarian-Medical-Chamber.pdf'>Hungarian [Hungarian Medical Chamber]<\/a><\/p>\n<p>W M A &#8211; W O R L D M E D I C A L A S S O C I A T I O N<br \/>\nGenfi Nyilatkozat<br \/>\nOrvosi Fogadalom<br \/>\nAz orvosi szakma tagjak\u00e9nt:<br \/>\n1. Fogadom, hogy \u00e9letemet az emberis\u00e9g szolg\u00e1lat\u00e1ra szentelem<br \/>\n2. Betegeim eg\u00e9szs\u00e9ge, \u00e9s j\u00f3l\u00e9te lesz sz\u00e1momra az els\u0151dleges szempont<br \/>\n3. Tiszteletben tartom betegeim m\u00e9lt\u00f3s\u00e1g\u00e1t, \u00e9s f\u00fcggetlens\u00e9g\u00e9t<br \/>\n4. Legnagyobb tiszteletben tartom az emberi \u00e9letet<br \/>\n5. Nem engedem, hogy \u00e9letkori, betegs\u00e9gi vagy fogyat\u00e9koss\u00e1gi, vall\u00e1si, sz\u00e1rmaz\u00e1si,<br \/>\nnemi, nemzetis\u00e9gi, p\u00e1rtpolitikai, faji, szexu\u00e1lis be\u00e1ll\u00edtotts\u00e1gi, t\u00e1rsadalmi, vagy m\u00e1s<br \/>\negy\u00e9b szempontok elt\u00e1ntor\u00edthassanak a betegeimmel kapcsolatos k\u00f6teless\u00e9geim<br \/>\nteljes\u00edt\u00e9s\u00e9t\u0151l<br \/>\n6. M\u00e9g a beteg hal\u00e1la ut\u00e1n is tiszteletben tartom a r\u00e1m b\u00edzott titkokat<br \/>\n7. Lelkiismerettel \u00e9s m\u00e9lt\u00f3s\u00e1ggal gyakorlom hivat\u00e1somat a megfelel\u0151 orvosi gyakorlat<br \/>\nszerint<br \/>\n8. Fenntartom az orvosi hivat\u00e1s tisztelet\u00e9t \u00e9s nemes hagyom\u00e1nyait<br \/>\n9. Megadom oktat\u00f3imnak, koll\u00e9g\u00e1imnak, \u00e9s di\u00e1kjaimnak a nekik j\u00e1r\u00f3 tiszteletet \u00e9s h\u00e1l\u00e1t<br \/>\n10.Megosztom orvosi tud\u00e1somat a betegek jav\u00e1ra, \u00e9s az eg\u00e9szs\u00e9gtudom\u00e1ny fejleszt\u00e9s\u00e9re<br \/>\n11.Vigy\u00e1zok saj\u00e1t magam eg\u00e9szs\u00e9g\u00e9re, j\u00f3l\u00e9t\u00e9re, \u00e9s k\u00e9pess\u00e9geimre, hogy a legmagasabb<br \/>\nszinten tudjam biztos\u00edtani a betegell\u00e1t\u00e1st<br \/>\n12.Orvosi tud\u00e1somat engem fenyeget\u0151 vesz\u00e9ly eset\u00e9n sem haszn\u00e1lom az \u00e1llampolg\u00e1ri \u00e9s<br \/>\naz emberis\u00e9g t\u00f6rv\u00e9nyeivel szemben<br \/>\n13.Ezeket az \u00edg\u00e9reteket \u00fcnnep\u00e9lyesen, szabadon teszem, \u00e9s becs\u00fcletemre fogadom<\/p>\n"},"caption":{"rendered":"<p>Hungarian [Hungarian Medical Chamber] W M A &#8211; W O R L D M E D I C A L A S S O C I A T I O N Genfi Nyilatkozat Orvosi Fogadalom Az orvosi szakma tagjak\u00e9nt: 1. Fogadom, hogy \u00e9letemet az emberis\u00e9g szolg\u00e1lat\u00e1ra szentelem 2. Betegeim eg\u00e9szs\u00e9ge, \u00e9s j\u00f3l\u00e9te lesz sz\u00e1momra az [&hellip;]<\/p>\n"},"alt_text":"","media_type":"file","mime_type":"application\/pdf","media_details":{},"post":626,"source_url":"https:\/\/www.wma.net\/wp-content\/uploads\/2018\/11\/Hungarian-Hungarian-Medical-Chamber.pdf","_links":{"self":[{"href":"https:\/\/www.wma.net\/fr\/wp-json\/wp\/v2\/media\/11949"}],"collection":[{"href":"https:\/\/www.wma.net\/fr\/wp-json\/wp\/v2\/media"}],"about":[{"href":"https:\/\/www.wma.net\/fr\/wp-json\/wp\/v2\/types\/attachment"}],"author":[{"embeddable":true,"href":"https:\/\/www.wma.net\/fr\/wp-json\/wp\/v2\/users\/7"}],"replies":[{"embeddable":true,"href":"https:\/\/www.wma.net\/fr\/wp-json\/wp\/v2\/comments?post=11949"}]}}

<p class="attachment"><a href='https://www.wma.net/wp-content/uploads/2018/11/Hungarian-Hungarian-Medical-Chamber.pdf'>Hungarian [Hungarian Medical Chamber]</a></p>
<p>W M A &#8211; W O R L D M E D I C A L A S S O C I A T I O N<br />
Genfi Nyilatkozat<br />
Orvosi Fogadalom<br />
Az orvosi szakma tagjaként:<br />
1. Fogadom, hogy életemet az emberiség szolgálatára szentelem<br />
2. Betegeim egészsége, és jóléte lesz számomra az elsődleges szempont<br />
3. Tiszteletben tartom betegeim méltóságát, és függetlenségét<br />
4. Legnagyobb tiszteletben tartom az emberi életet<br />
5. Nem engedem, hogy életkori, betegségi vagy fogyatékossági, vallási, származási,<br />
nemi, nemzetiségi, pártpolitikai, faji, szexuális beállítottsági, társadalmi, vagy más<br />
egyéb szempontok eltántoríthassanak a betegeimmel kapcsolatos kötelességeim<br />
teljesítésétől<br />
6. Még a beteg halála után is tiszteletben tartom a rám bízott titkokat<br />
7. Lelkiismerettel és méltósággal gyakorlom hivatásomat a megfelelő orvosi gyakorlat<br />
szerint<br />
8. Fenntartom az orvosi hivatás tiszteletét és nemes hagyományait<br />
9. Megadom oktatóimnak, kollégáimnak, és diákjaimnak a nekik járó tiszteletet és hálát<br />
10.Megosztom orvosi tudásomat a betegek javára, és az egészségtudomány fejlesztésére<br />
11.Vigyázok saját magam egészségére, jólétére, és képességeimre, hogy a legmagasabb<br />
szinten tudjam biztosítani a betegellátást<br />
12.Orvosi tudásomat engem fenyegető veszély esetén sem használom az állampolgári és<br />
az emberiség törvényeivel szemben<br />
13.Ezeket az ígéreteket ünnepélyesen, szabadon teszem, és becsületemre fogadom</p>

<p>Hungarian [Hungarian Medical Chamber] W M A &#8211; W O R L D M E D I C A L A S S O C I A T I O N Genfi Nyilatkozat Orvosi Fogadalom Az orvosi szakma tagjaként: 1. Fogadom, hogy életemet az emberiség szolgálatára szentelem 2. Betegeim egészsége, és jóléte lesz számomra az [&hellip;]</p>
